{"id":455,"date":"2009-11-17T23:40:38","date_gmt":"2009-11-18T04:40:38","guid":{"rendered":"https:\/\/www.simplementescout.org\/?page_id=455"},"modified":"2009-11-18T02:04:22","modified_gmt":"2009-11-18T07:04:22","slug":"jamboree-mundial-chile-99","status":"publish","type":"page","link":"https:\/\/www.simplementescout.org\/?page_id=455","title":{"rendered":"Jamboree Mundial Chile 99"},"content":{"rendered":"<p>Despu\u00e9s de mucho esperar, por fin tuvimos Jamboree Mundial en Sudam\u00e9rica:\u00a0 Chile fue el pa\u00eds afortunado&#8230; aunque el clima jug\u00f3 una mala pasada: Seg\u00fan comentaban, en esa \u00e9poca tuvieron la peor sequ\u00eda de los \u00faltimos 40 a\u00f1os, lo cual se vio reflejado en la limitaci\u00f3n de varias actividades acu\u00e1ticas&#8230; adem\u00e1s del terreno que deb\u00eda estar m\u00e1s verdecito. Sin embargo, fue un lindo evento. Los chicos estuvieron sumamente entusiastas con las actividades y con la interacci\u00f3n pluricultural.<\/p>\n<p>Stefan y yo &#8211; reci\u00e9n con 2 meses de casados &#8211; decidimos ir como miembros del Equipo Internacional de Servicio. Presentamos\u00a0 nuestra aplicaci\u00f3n juntos, y tuvimos la suerte de ser designados para el mismo trabajo: el Restaurante del Staff : \u00e9l ten\u00eda experiencia en cuestiones de alimentos&#8230; y yo ya hab\u00eda servido anteriormente en este tipo de actividad (en el Moot de Polincay, Chile, 1994).<\/p>\n<p>Nuestra primera sorpresa al llegar fue &#8230; que nuestro jefe hab\u00eda renunciado! S\u00ed. Parece que el trabajo era demasiado grande&#8230; o qu\u00e9 habr\u00eda pasado. El punto es que no hab\u00eda cabeza que manejara la atenci\u00f3n al p\u00fablico en los dos Restaurantes (les llamaban &#8220;Casinos&#8221;). Y como las cosas no avanzaban y nadie se mov\u00eda &#8211; excepto un par de servidores &#8211; el tipo a cargo (interino) nos nombr\u00f3 Jefes de Restaurante! As\u00ed que cada uno contaba con un equipo de gente y se responsabilizaba de uno de los comedores. Conmigo se vinieron puros australianos, algunos gringos, y unos pocos latinos. La mayor\u00eda de gente eran adultos mayores de 30 a\u00f1os&#8230; A Stefan le toc\u00f3 un equipo bastante diferente: brasileros, chilenos, argentinos&#8230; y todos j\u00f3venes.<\/p>\n<p>As\u00ed que Stefan y yo nos deseamos buena suerte y nos separamos para trabajar, cada uno en su Restaurante (que eran colindantes).\u00a0 La preparaci\u00f3n de los alimentos estaba a cargo de un concesionario muy conocido en Chile (&#8220;Central de Restaurantes&#8221;). Los Scouts ten\u00edamos que hacer todo lo dem\u00e1s: servir al p\u00fablico, limpiar las mesas, arreglar las sillas, botar la basura, lavar las bandejas, etc. La gente que me toc\u00f3 dirigir era muy buena&#8230; y eso que entender el ingl\u00e9s australiano era medio complicado&#8230; pero como eran todos adultos &#8220;grandes&#8221;, sab\u00edan trabajar bien, sin mayor necesidad de estar empuj\u00e1ndolos. As\u00ed que nos propusimos terminar r\u00e1pido las cosas para irnos a dormir temprano&#8230; y as\u00ed fue: creo que alrededor de la 1:30 &#8211; 2:00 am. est\u00e1bamos listos.\u00a0 Lo que m\u00e1s demoraba era la lavadera de bandejas! En un Jamboree no se suele usar platos, sino bandejas.\u00a0 La desgracia es que no hab\u00eda una M\u00c1QUINA lavadora, sino que todo hab\u00eda que hacerlo a mano. Cu\u00e1ntos comensales ser\u00edamos? 5000? M\u00e1s o menos&#8230; y hab\u00eda que estar lavando constantemente para que no faltaran las bandejas.<\/p>\n<p>Sal\u00ed de mi restaurante para buscar a Stefan. Seguro ya estar\u00eda listo. Voy y&#8230;. qu\u00e9 veo? el \u00fanico que se mov\u00eda limpiando las mesas era el jefe! (o sea, mi reci\u00e9n inaugurado esposo). \u00bfY su gente? Unos tocando guitarra, otros tomando su cafecito y loreando, y por ah\u00ed uno lavando las bandejas&#8230;. un relax total a esas horas! (ojo: hab\u00eda que regresar m\u00e1s tarde para el siguiente turno).\u00a0 Stefan estaba &#8211; como era de esperar &#8211; amargo! Le hab\u00edan tocado puros vagos, que quer\u00edan hacer tertulia mientras trabajaban&#8230; o mejor dicho, m\u00e1s tertulia que otra cosa. Y no hac\u00edan caso. Pucha! Qu\u00e9 verg\u00fcenza: daba la &#8220;casualidad&#8221; que eran puros latinos! En fin: como \u00e9l era el &#8220;jefe&#8221;, supuestamente no los pod\u00eda dejar (pero tampoco le hac\u00edan caso: \u00e9l quer\u00eda trabajar r\u00e1pido y ellos no). As\u00ed que me qued\u00e9 ayud\u00e1ndole a limpiar las cuchucientas mesas y sillas , mientras el resto de gente loreaba. (Por cierto: ellos ten\u00edan un lavatorio defectuoso, que hac\u00eda charco&#8230; eso en parte retrasaba el trabajo.\u00a0 Pero en verdad, lo que m\u00e1s limitaba era la actitud ociosa de la gente). Terminamos saliendo a las 4:30 &#8211; 5:00 am. Como era de esperar, Stefan aguant\u00f3 en ese sitio un turno m\u00e1s&#8230; y de ah\u00ed se pas\u00f3 a nuestro restaurante. Qu\u00e9 diferencia !!!<\/p>\n<p><object classid=\"clsid:d27cdb6e-ae6d-11cf-96b8-444553540000\" width=\"800\" height=\"533\" codebase=\"http:\/\/download.macromedia.com\/pub\/shockwave\/cabs\/flash\/swflash.cab#version=6,0,40,0\"><param name=\"flashvars\" value=\"host=picasaweb.google.com&amp;captions=1&amp;noautoplay=1&amp;hl=es&amp;feat=flashalbum&amp;RGB=0x000000&amp;feed=http%3A%2F%2Fpicasaweb.google.com%2Fdata%2Ffeed%2Fapi%2Fuser%2Fbettinaperu%2Falbumid%2F5403775159579584481%3Falt%3Drss%26kind%3Dphoto%26authkey%3DGv1sRgCLH8zIyYyOKU9gE%26hl%3Des\" \/><param name=\"src\" value=\"http:\/\/picasaweb.google.com\/s\/c\/bin\/slideshow.swf\" \/><embed type=\"application\/x-shockwave-flash\" width=\"800\" height=\"533\" src=\"http:\/\/picasaweb.google.com\/s\/c\/bin\/slideshow.swf\" flashvars=\"host=picasaweb.google.com&amp;captions=1&amp;noautoplay=1&amp;hl=es&amp;feat=flashalbum&amp;RGB=0x000000&amp;feed=http%3A%2F%2Fpicasaweb.google.com%2Fdata%2Ffeed%2Fapi%2Fuser%2Fbettinaperu%2Falbumid%2F5403775159579584481%3Falt%3Drss%26kind%3Dphoto%26authkey%3DGv1sRgCLH8zIyYyOKU9gE%26hl%3Des\"><\/embed><\/object><\/p>\n<p><em>(Antes de seguir con mi historia, creo que es justo decir que muchas de las fotos que presento, son cortes\u00eda de mi amigo Christian Arriola, que un d\u00eda me repar\u00f3 la computadora y me dej\u00f3 varias im\u00e1genes del Jamboree de Chile, tomadas por un alem\u00e1n, que por alguna raz\u00f3n se las mand\u00f3).<\/em><\/p>\n<p>Creo que el trabajo m\u00e1s lindo en el Restaurante es la atenci\u00f3n al p\u00fablico&#8230; y eso fue lo que hicimos: tomamos la estaci\u00f3n de postres\u00a0 (un mostrador , al cual daba un contenedor refrigerado donde estaban los postres y las ensaladas&#8230; esto nos proporcionaba un ambiente fresco en medio de ese calor espantoso).\u00a0 El trabajo nos cay\u00f3 perfecto: entre Stefan y yo podemos hablar castellano, ingl\u00e9s, alem\u00e1n, franc\u00e9s, algo de portugu\u00e9s y un par de palabras en italiano. As\u00ed que los comensales que ven\u00edan a la secci\u00f3n postres,\u00a0 eran atendidos en su propio idioma: no hab\u00eda problema en describirles lo que hab\u00eda para comer&#8230; y tampoco hab\u00eda problema para cambiar r\u00e1pidamente de un idioma a otro! Una maravilla! La gente nos miraba, y al descubrir en nuestro uniforme la insignia PERU quedaban recontra fascinados! &#8220;\u00bfUstedes son de Per\u00fa? No puede ser!&#8221; &#8220;\u00bfEn Per\u00fa se habla tantos idiomas? \u00a1Qu\u00e9 bueno!&#8221;<\/p>\n<p>Lo \u00fanico fundido de nuestro sitio eran&#8230; las ensaladas. Era un mont\u00f3n de lechuga picadita (con 2 tajadas de tomate) y empacadas en cajitas pl\u00e1sticas. Luego se pon\u00eda 6 de estas cajitas en una bandeja, y luego se apilaba varias bandejas.\u00a0 As\u00ed era como se transportaba las ensaladas. Como nosotros ten\u00edamos el contenedor fr\u00edo con los postres, hab\u00eda un sector de ese sitio para mantener las ensaladas tambi\u00e9n.\u00a0 El detalle es que las 6 cajitas entraban m\u00e1s o menos en la bandeja&#8230; y para colmo, a veces no cerraba bien una tapa. por eso, al armar la torre de bandejas, no siempre quedaba derecha. As\u00ed que cuando escuch\u00e1bamos &#8220;pataplaf! &#8221; (y un par de groser\u00edas a continuaci\u00f3n) ya sab\u00edamos que a alguien se le hab\u00edan ca\u00eddo varias cajitas.<\/p>\n<p>Recuerdo una ocasi\u00f3n en que vinieron los del ministerio de salud (o no s\u00e9 qu\u00e9 entidad afin). Nuestro Jefe de la Cocina (Carlos &#8211; el jefe del Concesionario) estaba molesto con la presencia de estas personas: parece que sus inspectores son bastante quisquillosos y ponen multas hasta por gusto (parecen la SUNAT). Bueno: dio la mala suerte que justo unos minutos antes se hab\u00edan ca\u00eddo varias ensaladas&#8230; y como era l\u00f3gico, estuvimos barriendo para no pisar las lechugas, y recogiendo las cajitas que hab\u00edan ca\u00eddo al piso, para acomodarlas bien en sus bandejas (ojo: cajitas que no se hab\u00edan destapado). En ese momento llega el inspector y nos acusa de estar recogiendo lechugas, meti\u00e9ndolas en las cajitas para servirlas as\u00ed cochinas a la gente!!!!!!!\u00a0 Yo le dije al hombre que eso no era cierto&#8230; y el tipo me contest\u00f3: &#8220;no los defiendas. Esto es problema de ellos&#8221;. Imag\u00ednense!<\/p>\n<p>Bueno. Eso fue &#8211; felizmente &#8211; s\u00f3lo un d\u00eda. Nuestra vida transcurri\u00f3 feliz en el Restaurante&#8230;. como los comensales pasaban todos los d\u00edas, ya ve\u00edamos caras conocidas y siempre convers\u00e1bamos amigablemente con la gente. Los j\u00f3venes de Central de Restaurantes eran muy correctos y alegres, lo mismo que los scouts que est\u00e1bamos ah\u00ed de voluntarios &#8230;. ah! y los gringos se re\u00edan mucho de la palabra oficial del Jamboree: &#8220;Ma\u00f1ana&#8221;. Esto tengo que explicarlo.<\/p>\n<p>Parece que en todas partes se cuece habas&#8230; y Chile no es la excepci\u00f3n. A pesar de haber sabido con varios a\u00f1os de anticipaci\u00f3n que ser\u00edan sede del Jamboree Mundial , quedaron muchos asuntos pendientes de resolver. Por eso cuando llegamos al evento y hab\u00eda que registrarse y pedir la pa\u00f1oleta, el polo y todo el kit de bienvenida&#8230; la palabra com\u00fan de los que atend\u00edan era: &#8220;ma\u00f1ana&#8221;. Claro: no hab\u00edan llegado las cosas, y hab\u00eda que esperar al d\u00eda siguiente. Pero esta palabra &#8220;ma\u00f1ana&#8221; se repet\u00eda en otros ambientes tambi\u00e9n. As\u00ed que los gringos, que no entend\u00edan ni jota del castellano, siempre terminaban escuchando &#8220;ma\u00f1ana&#8221; &#8230; y aunque al comienzo estaban contrariados , al final terminaron tom\u00e1ndolo deportivamente. En nuestro restaurante era com\u00fan escuchar a los australianos y a un suizo que ten\u00edamos, hablar un mont\u00f3n de palabras inexistentes en espa\u00f1ol, tratando de imitar a los chilenos: &#8220;mjabhsxfhwehrg MA\u00d1ANA!&#8221; y estallaban las carcajadas.<\/p>\n<p>No puedo hablar mucho m\u00e1s del programa para los j\u00f3venes, pues estuve bien metida en el trabajo del Restaurante. S\u00ed tuve algo de tiempo libre para caminar y mirar algunas otras actividades (los stands de los pa\u00edses&#8230; el paseo de los coleccionistas&#8230; los campamentos tan diversos de los chicos&#8230;.algunos talleres&#8230; shows&#8230;)<\/p>\n<p>De todos los campamentos, el que m\u00e1s me sorprendi\u00f3 fue el de los checos: hab\u00edan tra\u00eddo por barco un mont\u00f3n de maderas: para construir sus caba\u00f1as prefabricadas, en las que dorm\u00edan 2 scouts.\u00a0 (Parece que suelen hacerlo as\u00ed all\u00e1). Tambi\u00e9n los alemanes hab\u00edan llevado sus carpas negras tipo &#8220;teepee&#8221;, que cada vez se iban haciendo m\u00e1s conocidas.<\/p>\n<p>En el paseo de los coleccionistas me pasaron dos cosas simp\u00e1ticas: una fue que me encontr\u00e9 de casualidad con Bonnie, una scout con la que trabaj\u00e9 en Holanda en el equipo de &#8220;Environment-Garbage&#8221; (o sea: recogiendo basura); el otro momento agradable fue cuando un franc\u00e9s y un gringo (bastante mayores) estaban como locos por tratar de intercambiar insignias de colecci\u00f3n&#8230; pero hab\u00eda muchos malos entendidos porque ninguno hablaba el idioma del otro; as\u00ed que me ofrec\u00ed a ayudarlos. As\u00ed despu\u00e9s de algunos minutos (y varias felices transacciones) me agradecieron muy contentos y me regalaron un parche del Jamboree de Idaho, de 1967. Ah\u00ed lo tengo guardadito y no lo cambio&#8230; en memoria de este bonito encuentro.<\/p>\n<p>Tambi\u00e9n aqu\u00ed tuve la oportunidad de reencontrarme con Helga Van der Boom: ella es una se\u00f1ora alemana, a la que conoc\u00ed en el Jamboree de Holanda (como dije: yo recog\u00eda basura&#8230; y ella vend\u00eda helados. Era un chiste!). Helga no hab\u00eda podido apuntarse en el Equipo Internacional de Servicio para esta oportunidad, sin embargo, igual me cont\u00f3 por carta que quer\u00eda venir como visitante, esta vez junto con su esposo Jean Pierre (tambi\u00e9n Scout). As\u00ed que un d\u00eda de Jamboree, encontr\u00e9 varios mensajitos en pizarras, indicando que Helga y JP nos buscaban. As\u00ed fuimos tras su pista, y los encontramos. Fue un encuentro muy grato! Estoy convencida de que lo m\u00e1s hermoso de ser scout es que uno siempre tendr\u00e1 buenos amigos con quienes caminar.<\/p>\n<p>Un d\u00eda paseando por ah\u00ed, vimos un escenario decorado como &#8220;el Show de los talentos&#8221;, organizado por Unicef: cualquiera pod\u00eda inscribirse y presentarse en la noche ante un p\u00fablico muy numeroso. No s\u00e9 c\u00f3mo , pero lo convenc\u00ed a Stefan de subir a cantar conmigo la composici\u00f3n que hab\u00eda hecho 6 a\u00f1os atr\u00e1s: &#8220;En otro Jamboree&#8221; (para los que no la conocen: una canci\u00f3n de amor entre dos scouts que se conocen en un Jamboree &#8211; la letra la encuentran en mi blog). La noche del show nos presentamos en castellano y en ingl\u00e9s (porque hab\u00eda harto gringo tambi\u00e9n) y felicitamos a Unicef por esta iniciativa &#8230;. ahora pienso que perdimos tiempo valioso en esta presentaci\u00f3n&#8230;. pues nos hab\u00edan concedido apenas 3 min. y los de Unicef consideraron estas palabras de inicio dentro de los 3 min. En fin: comenzamos a cantar&#8230; y a pesar de nuestras voces medio desafinadas, la gente cantaba emocionada los versos del coro&#8230; y cuando faltaba poco para el desenlace de la historia&#8230; NOS CORTARON! GRRR!!! Todo el mundo pifi\u00f3, pidiendo el final !!! pero no nos dejaron. Lo gracioso es que en los d\u00edas siguientes nos topamos con varias personas que nos dijeron: &#8220;Ustedes cantaron en el Show de Talentos, no? Y c\u00f3mo termina la canci\u00f3n?&#8221; o &#8220;me pueden dar la letra?&#8221; o &#8220;me pueden firmar un aut\u00f3grafo?&#8221;.<\/p>\n<p>A prop\u00f3sito, el Himno del Jamboree fue compuesto por Alberto Plaza&#8230; y me encant\u00f3, tanto la letra como la m\u00fasica. (Conozco tambi\u00e9n los de Holanda y de Inglaterra&#8230; estaban bien&#8230;. pero \u00e9ste les gan\u00f3).<\/p>\n<p>En cuanto a ceremonias&#8230; en la inauguraci\u00f3n se present\u00f3 el conocido grupo Inti Illimani con la Orquesta Cl\u00e1sica de la U. de Santiago y el Coro de la U. de Chile. Ellos interpretaron una composici\u00f3n llamada La Rosa de los Vientos, y hablaba de esta reuni\u00f3n de Scouts en Picarqu\u00edn (la sede del evento), y mientras tanto hab\u00eda que sostener sobre nuestras cabezas unos folletos cuadrados bastante grandes , ir d\u00e1ndoles vuelta, voltearlos, etc. para as\u00ed formar figuras que se ver\u00edan &#8220;estupendas&#8221; desde una toma a\u00e9rea&#8230;.\u00a0 Tal vez en su concepto fue una buena idea, pero en la pr\u00e1ctica result\u00f3 bastante aburrido&#8230; los chicos de nuestro sector tiraron la toalla r\u00e1pidamente&#8230; Claro, la composici\u00f3n musical era bastante m\u00edstica&#8230; y los chicos disfrutan con algo m\u00e1s movido. Creo que para ceremonias, los gringos siguen siendo campeones. (Si quieren vean en You Tube el siguiente <a href=\"http:\/\/www.youtube.com\/watch?v=fGbzgnzugDY\" target=\"_blank\">enlace<\/a>: Se aprecia toda la m\u00fasica&#8230; pero no se llega a ver el show desde el aire&#8230; seguro no hab\u00eda c\u00e1mara a\u00e9rea, as\u00ed que todo lo que hicimos &#8211; o pretendimos hacer &#8211; fue por las puras.)<\/p>\n<p>Sin embargo, para m\u00ed que era reci\u00e9n &#8220;bajadita&#8221; del Jamboree Mundial de Holanda (95), tengo que confesar que a pesar de sus deficiencias, el de Chile fue un Jamboree muy Scout. No gozaba de todas las &#8220;modernidades&#8221; que hab\u00eda visto all\u00e1&#8230; pero estaba lindo: se viv\u00eda un ambiente de campamento de verdad. A\u00f1os m\u00e1s tarde ir\u00edamos al del Centenario Scout en Inglaterra&#8230; muy pero muy distinto, lamentablemente. Esperamos que el de Suecia prometa lo que ofrece en su lema: &#8220;simply Scouting&#8221;.<\/p>\n<p>De regalo les va la m\u00fasica del Jamboree (por ahora la pongo en un video que encontr\u00e9 en You Tube&#8230; alg\u00fan d\u00eda encontrar\u00e9 mi cassette o un MP3!!!)<\/p>\n<p><object classid=\"clsid:d27cdb6e-ae6d-11cf-96b8-444553540000\" width=\"425\" height=\"344\" codebase=\"http:\/\/download.macromedia.com\/pub\/shockwave\/cabs\/flash\/swflash.cab#version=6,0,40,0\"><param name=\"allowFullScreen\" value=\"true\" \/><param name=\"allowscriptaccess\" value=\"always\" \/><param name=\"src\" value=\"http:\/\/www.youtube.com\/v\/eHhxhpGHdxY&amp;hl=en_US&amp;fs=1&amp;rel=0&amp;color1=0xe1600f&amp;color2=0xfebd01\" \/><param name=\"allowfullscreen\" value=\"true\" \/><embed type=\"application\/x-shockwave-flash\" width=\"425\" height=\"344\" src=\"http:\/\/www.youtube.com\/v\/eHhxhpGHdxY&amp;hl=en_US&amp;fs=1&amp;rel=0&amp;color1=0xe1600f&amp;color2=0xfebd01\" allowscriptaccess=\"always\" allowfullscreen=\"true\"><\/embed><\/object><\/p>\n","protected":false},"excerpt":{"rendered":"<p>Despu\u00e9s de mucho esperar, por fin tuvimos Jamboree Mundial en Sudam\u00e9rica:\u00a0 Chile fue el pa\u00eds afortunado&#8230; aunque el clima jug\u00f3 una mala pasada: Seg\u00fan comentaban, en esa \u00e9poca tuvieron la peor sequ\u00eda de los \u00faltimos 40 a\u00f1os, lo cual se vio reflejado en la limitaci\u00f3n de varias actividades acu\u00e1ticas&#8230; adem\u00e1s del terreno que deb\u00eda estar &hellip;<\/p>\n<p class=\"read-more\"> <a class=\"\" href=\"https:\/\/www.simplementescout.org\/?page_id=455\"> <span class=\"screen-reader-text\">Jamboree Mundial Chile 99<\/span> Read More &raquo;<\/a><\/p>\n","protected":false},"author":1,"featured_media":0,"parent":84,"menu_order":2,"comment_status":"closed","ping_status":"open","template":"","meta":{"site-sidebar-layout":"default","site-content-layout":"default","ast-main-header-display":"","ast-hfb-above-header-display":"","ast-hfb-below-header-display":"","ast-hfb-mobile-header-display":"","site-post-title":"","ast-breadcrumbs-content":"","ast-featured-img":"","footer-sml-layout":"","theme-transparent-header-meta":"","adv-header-id-meta":"","stick-header-meta":"","header-above-stick-meta":"","header-main-stick-meta":"","header-below-stick-meta":"","footnotes":""},"class_list":["post-455","page","type-page","status-publish","hentry"],"_links":{"self":[{"href":"https:\/\/www.simplementescout.org\/index.php?rest_route=\/wp\/v2\/pages\/455","targetHints":{"allow":["GET"]}}],"collection":[{"href":"https:\/\/www.simplementescout.org\/index.php?rest_route=\/wp\/v2\/pages"}],"about":[{"href":"https:\/\/www.simplementescout.org\/index.php?rest_route=\/wp\/v2\/types\/page"}],"author":[{"embeddable":true,"href":"https:\/\/www.simplementescout.org\/index.php?rest_route=\/wp\/v2\/users\/1"}],"replies":[{"embeddable":true,"href":"https:\/\/www.simplementescout.org\/index.php?rest_route=%2Fwp%2Fv2%2Fcomments&post=455"}],"version-history":[{"count":10,"href":"https:\/\/www.simplementescout.org\/index.php?rest_route=\/wp\/v2\/pages\/455\/revisions"}],"predecessor-version":[{"id":460,"href":"https:\/\/www.simplementescout.org\/index.php?rest_route=\/wp\/v2\/pages\/455\/revisions\/460"}],"up":[{"embeddable":true,"href":"https:\/\/www.simplementescout.org\/index.php?rest_route=\/wp\/v2\/pages\/84"}],"wp:attachment":[{"href":"https:\/\/www.simplementescout.org\/index.php?rest_route=%2Fwp%2Fv2%2Fmedia&parent=455"}],"curies":[{"name":"wp","href":"https:\/\/api.w.org\/{rel}","templated":true}]}}